{"id":8,"date":"2024-03-02T19:20:23","date_gmt":"2024-03-02T18:20:23","guid":{"rendered":"https:\/\/goldenbiewer.fr\/?page_id=8"},"modified":"2025-08-12T11:53:02","modified_gmt":"2025-08-12T09:53:02","slug":"notre-elevage","status":"publish","type":"page","link":"https:\/\/goldenbiewer.fr\/?page_id=8","title":{"rendered":"NOTRE ELEVAGE"},"content":{"rendered":"\t\t<div data-elementor-type=\"wp-page\" data-elementor-id=\"8\" class=\"elementor elementor-8\">\n\t\t\t\t<div class=\"elementor-element elementor-element-916905f e-flex e-con-boxed e-con e-parent\" data-id=\"916905f\" data-element_type=\"container\" data-settings=\"{&quot;content_width&quot;:&quot;boxed&quot;}\" data-core-v316-plus=\"true\">\n\t\t\t\t\t<div class=\"e-con-inner\">\n\t\t\t\t<div class=\"elementor-element elementor-element-e657cdf elementor-widget elementor-widget-text-editor\" data-id=\"e657cdf\" data-element_type=\"widget\" data-widget_type=\"text-editor.default\">\n\t\t\t\t<div class=\"elementor-widget-container\">\n\t\t\t<style>\/*! elementor - v3.19.0 - 28-02-2024 *\/\n.elementor-widget-text-editor.elementor-drop-cap-view-stacked .elementor-drop-cap{background-color:#69727d;color:#fff}.elementor-widget-text-editor.elementor-drop-cap-view-framed .elementor-drop-cap{color:#69727d;border:3px solid;background-color:transparent}.elementor-widget-text-editor:not(.elementor-drop-cap-view-default) .elementor-drop-cap{margin-top:8px}.elementor-widget-text-editor:not(.elementor-drop-cap-view-default) .elementor-drop-cap-letter{width:1em;height:1em}.elementor-widget-text-editor .elementor-drop-cap{float:left;text-align:center;line-height:1;font-size:50px}.elementor-widget-text-editor .elementor-drop-cap-letter{display:inline-block}<\/style>\t\t\t\t<p><strong>Elevage:<\/strong><\/p><p><strong> Des Lisi\u00e8res d&#8217;Arraga<\/strong>:\u00a0 \u00a0 \u00a0Golden Retriever&amp;Yorkshire Terrier (LOF)\u00a0 \u00a0 \u00a0 \u00a0 \u00a0 \u00a0 \u00a0 \u00a0 \u00a0 \u00a0 \u00a0 \u00a0 \u00a0 \u00a0 \u00a0 \u00a0 <strong>Des Cyb\u00e8les de la Ch\u00eanaie<\/strong>:\u00a0 \u00a0 Elevage de Biewer &amp; Biro (BCF)<\/p>\t\t\t\t\t\t<\/div>\n\t\t\t\t<\/div>\n\t\t\t\t<div class=\"elementor-element elementor-element-9ad9984 elementor-widget elementor-widget-text-editor\" data-id=\"9ad9984\" data-element_type=\"widget\" data-widget_type=\"text-editor.default\">\n\t\t\t\t<div class=\"elementor-widget-container\">\n\t\t\t\t\t\t\t<p>&#8220;L&#8217;amour des animaux et en particulier des chiens, mais surtout la curiosit\u00e9, l&#8217;int\u00e9r\u00eat et la passion pour tout ce qui se rapporte \u00e0 l&#8217;\u00e9levage m&#8217;ont conduit tout naturellement vers la reproduction. R\u00e9fl\u00e9chir sur les &#8221;mariages&#8221;, suivre les chaleurs d&#8217;une femelle pour optimiser une saillie, accompagner la gestation, d\u00e9couvrir le moment magique de l&#8217;\u00e9chographie o\u00f9 le v\u00e9t\u00e9rinaire annonce, si oui ou non, elle est &#8221;pleine&#8221;; celui de la radiographie o\u00f9 l&#8217;on connait le nombre exact de chiots ; et puis le moment tant attendu: la mise bas!&#8230; toujours un petit peu stressante mais tellement \u00e9mouvante&#8230;\u00a0 Petit \u00e9levage familial qui me permet d&#8217;avoir le temps et la disponibilit\u00e9 n\u00e9cessaire pour vivre tous ces moments uniques.&#8221;<\/p><p>\u00a0<\/p><p>\u00a0<\/p>\t\t\t\t\t\t<\/div>\n\t\t\t\t<\/div>\n\t\t\t\t<div class=\"elementor-element elementor-element-adac69e elementor-widget elementor-widget-heading\" data-id=\"adac69e\" data-element_type=\"widget\" data-widget_type=\"heading.default\">\n\t\t\t\t<div class=\"elementor-widget-container\">\n\t\t\t<style>\/*! elementor - v3.19.0 - 28-02-2024 *\/\n.elementor-heading-title{padding:0;margin:0;line-height:1}.elementor-widget-heading .elementor-heading-title[class*=elementor-size-]>a{color:inherit;font-size:inherit;line-height:inherit}.elementor-widget-heading .elementor-heading-title.elementor-size-small{font-size:15px}.elementor-widget-heading .elementor-heading-title.elementor-size-medium{font-size:19px}.elementor-widget-heading .elementor-heading-title.elementor-size-large{font-size:29px}.elementor-widget-heading .elementor-heading-title.elementor-size-xl{font-size:39px}.elementor-widget-heading .elementor-heading-title.elementor-size-xxl{font-size:59px}<\/style><h2 class=\"elementor-heading-title elementor-size-default\">Chiots Golden Retriever<\/h2>\t\t<\/div>\n\t\t\t\t<\/div>\n\t\t\t\t\t<\/div>\n\t\t\t\t<\/div>\n\t\t<div class=\"elementor-element elementor-element-fb2c3da e-flex e-con-boxed e-con e-parent\" data-id=\"fb2c3da\" data-element_type=\"container\" data-settings=\"{&quot;content_width&quot;:&quot;boxed&quot;}\" data-core-v316-plus=\"true\">\n\t\t\t\t\t<div class=\"e-con-inner\">\n\t\t\t\t<div class=\"elementor-element elementor-element-2a1b06f elementor-widget__width-initial elementor-widget elementor-widget-image\" data-id=\"2a1b06f\" data-element_type=\"widget\" data-widget_type=\"image.default\">\n\t\t\t\t<div class=\"elementor-widget-container\">\n\t\t\t<style>\/*! elementor - v3.19.0 - 28-02-2024 *\/\n.elementor-widget-image{text-align:center}.elementor-widget-image a{display:inline-block}.elementor-widget-image a img[src$=\".svg\"]{width:48px}.elementor-widget-image img{vertical-align:middle;display:inline-block}<\/style>\t\t\t\t\t\t\t\t\t\t<img fetchpriority=\"high\" decoding=\"async\" width=\"602\" height=\"805\" src=\"https:\/\/goldenbiewer.fr\/wp-content\/uploads\/2024\/03\/BB-Golden.jpeg\" class=\"attachment-large size-large wp-image-125\" alt=\"\" srcset=\"https:\/\/goldenbiewer.fr\/wp-content\/uploads\/2024\/03\/BB-Golden.jpeg 602w, https:\/\/goldenbiewer.fr\/wp-content\/uploads\/2024\/03\/BB-Golden-224x300.jpeg 224w\" sizes=\"(max-width: 602px) 100vw, 602px\" \/>\t\t\t\t\t\t\t\t\t\t\t\t\t<\/div>\n\t\t\t\t<\/div>\n\t\t\t\t<div class=\"elementor-element elementor-element-68642f8 elementor-widget elementor-widget-heading\" data-id=\"68642f8\" data-element_type=\"widget\" data-widget_type=\"heading.default\">\n\t\t\t\t<div class=\"elementor-widget-container\">\n\t\t\t<h2 class=\"elementor-heading-title elementor-size-default\">\"Vaena\" chiot femelle chocoberry aux yeux bleus.<\/h2>\t\t<\/div>\n\t\t\t\t<\/div>\n\t\t\t\t<div class=\"elementor-element elementor-element-36a6a83 elementor-widget elementor-widget-image\" data-id=\"36a6a83\" data-element_type=\"widget\" data-widget_type=\"image.default\">\n\t\t\t\t<div class=\"elementor-widget-container\">\n\t\t\t\t\t\t\t\t\t\t\t\t\t<img decoding=\"async\" width=\"959\" height=\"959\" src=\"https:\/\/goldenbiewer.fr\/wp-content\/uploads\/2024\/06\/vaena.jpeg\" class=\"attachment-large size-large wp-image-584\" alt=\"\" srcset=\"https:\/\/goldenbiewer.fr\/wp-content\/uploads\/2024\/06\/vaena.jpeg 959w, https:\/\/goldenbiewer.fr\/wp-content\/uploads\/2024\/06\/vaena-300x300.jpeg 300w, https:\/\/goldenbiewer.fr\/wp-content\/uploads\/2024\/06\/vaena-150x150.jpeg 150w, https:\/\/goldenbiewer.fr\/wp-content\/uploads\/2024\/06\/vaena-768x768.jpeg 768w, https:\/\/goldenbiewer.fr\/wp-content\/uploads\/2024\/06\/vaena-600x600.jpeg 600w\" sizes=\"(max-width: 959px) 100vw, 959px\" \/>\t\t\t\t\t\t\t\t\t\t\t\t\t<\/div>\n\t\t\t\t<\/div>\n\t\t\t\t<div class=\"elementor-element elementor-element-9e08371 elementor-widget elementor-widget-heading\" data-id=\"9e08371\" data-element_type=\"widget\" data-widget_type=\"heading.default\">\n\t\t\t\t<div class=\"elementor-widget-container\">\n\t\t\t<h2 class=\"elementor-heading-title elementor-size-default\">Chiots Biewer Terrier<\/h2>\t\t<\/div>\n\t\t\t\t<\/div>\n\t\t\t\t<div class=\"elementor-element elementor-element-976e43c elementor-widget__width-initial elementor-widget elementor-widget-image\" data-id=\"976e43c\" data-element_type=\"widget\" data-widget_type=\"image.default\">\n\t\t\t\t<div class=\"elementor-widget-container\">\n\t\t\t\t\t\t\t\t\t\t\t\t\t<img decoding=\"async\" width=\"805\" height=\"805\" src=\"https:\/\/goldenbiewer.fr\/wp-content\/uploads\/2024\/03\/bebe-biro1.jpeg\" class=\"attachment-large size-large wp-image-120\" alt=\"\" srcset=\"https:\/\/goldenbiewer.fr\/wp-content\/uploads\/2024\/03\/bebe-biro1.jpeg 805w, https:\/\/goldenbiewer.fr\/wp-content\/uploads\/2024\/03\/bebe-biro1-300x300.jpeg 300w, https:\/\/goldenbiewer.fr\/wp-content\/uploads\/2024\/03\/bebe-biro1-150x150.jpeg 150w, https:\/\/goldenbiewer.fr\/wp-content\/uploads\/2024\/03\/bebe-biro1-768x768.jpeg 768w, https:\/\/goldenbiewer.fr\/wp-content\/uploads\/2024\/03\/bebe-biro1-600x600.jpeg 600w\" sizes=\"(max-width: 805px) 100vw, 805px\" \/>\t\t\t\t\t\t\t\t\t\t\t\t\t<\/div>\n\t\t\t\t<\/div>\n\t\t\t\t<div class=\"elementor-element elementor-element-3eca0b1 elementor-widget elementor-widget-heading\" data-id=\"3eca0b1\" data-element_type=\"widget\" data-widget_type=\"heading.default\">\n\t\t\t\t<div class=\"elementor-widget-container\">\n\t\t\t<h2 class=\"elementor-heading-title elementor-size-default\">Chiots Biro  Terrier<\/h2>\t\t<\/div>\n\t\t\t\t<\/div>\n\t\t\t\t<div class=\"elementor-element elementor-element-1f14aec elementor-widget__width-initial elementor-widget elementor-widget-image\" data-id=\"1f14aec\" data-element_type=\"widget\" data-widget_type=\"image.default\">\n\t\t\t\t<div class=\"elementor-widget-container\">\n\t\t\t\t\t\t\t\t\t\t\t\t\t<img loading=\"lazy\" decoding=\"async\" width=\"602\" height=\"805\" src=\"https:\/\/goldenbiewer.fr\/wp-content\/uploads\/2024\/03\/BB-Biro.jpeg\" class=\"attachment-large size-large wp-image-121\" alt=\"\" srcset=\"https:\/\/goldenbiewer.fr\/wp-content\/uploads\/2024\/03\/BB-Biro.jpeg 602w, https:\/\/goldenbiewer.fr\/wp-content\/uploads\/2024\/03\/BB-Biro-224x300.jpeg 224w\" sizes=\"(max-width: 602px) 100vw, 602px\" \/>\t\t\t\t\t\t\t\t\t\t\t\t\t<\/div>\n\t\t\t\t<\/div>\n\t\t\t\t<div class=\"elementor-element elementor-element-9f9bf71 elementor-widget elementor-widget-text-editor\" data-id=\"9f9bf71\" data-element_type=\"widget\" data-widget_type=\"text-editor.default\">\n\t\t\t\t<div class=\"elementor-widget-container\">\n\t\t\t\t\t\t\t\t\t\t\t\t\t<\/div>\n\t\t\t\t<\/div>\n\t\t\t\t<div class=\"elementor-element elementor-element-ff17c9f elementor-widget elementor-widget-heading\" data-id=\"ff17c9f\" data-element_type=\"widget\" data-widget_type=\"heading.default\">\n\t\t\t\t<div class=\"elementor-widget-container\">\n\t\t\t<h2 class=\"elementor-heading-title elementor-size-default\"> Chiots Yorkshire Terrier<\/h2>\t\t<\/div>\n\t\t\t\t<\/div>\n\t\t\t\t\t<\/div>\n\t\t\t\t<\/div>\n\t\t<div class=\"elementor-element elementor-element-d3ee67b e-con-full e-flex e-con e-parent\" data-id=\"d3ee67b\" data-element_type=\"container\" data-settings=\"{&quot;content_width&quot;:&quot;full&quot;}\" data-core-v316-plus=\"true\">\n\t\t\t\t<div class=\"elementor-element elementor-element-411b58c elementor-widget elementor-widget-text-editor\" data-id=\"411b58c\" data-element_type=\"widget\" data-widget_type=\"text-editor.default\">\n\t\t\t\t<div class=\"elementor-widget-container\">\n\t\t\t\t\t\t\t\t\t\t\t\t\t<\/div>\n\t\t\t\t<\/div>\n\t\t\t\t<div class=\"elementor-element elementor-element-1d7b21f elementor-widget__width-initial elementor-widget elementor-widget-image\" data-id=\"1d7b21f\" data-element_type=\"widget\" data-widget_type=\"image.default\">\n\t\t\t\t<div class=\"elementor-widget-container\">\n\t\t\t\t\t\t\t\t\t\t\t\t\t<img loading=\"lazy\" decoding=\"async\" width=\"411\" height=\"567\" src=\"https:\/\/goldenbiewer.fr\/wp-content\/uploads\/2024\/03\/les-3-freres-et-la-soeur-18-jours.jpg\" class=\"attachment-large size-large wp-image-181\" alt=\"\" srcset=\"https:\/\/goldenbiewer.fr\/wp-content\/uploads\/2024\/03\/les-3-freres-et-la-soeur-18-jours.jpg 411w, https:\/\/goldenbiewer.fr\/wp-content\/uploads\/2024\/03\/les-3-freres-et-la-soeur-18-jours-217x300.jpg 217w\" sizes=\"(max-width: 411px) 100vw, 411px\" \/>\t\t\t\t\t\t\t\t\t\t\t\t\t<\/div>\n\t\t\t\t<\/div>\n\t\t\t\t<\/div>\n\t\t<div class=\"elementor-element elementor-element-fd29de7 e-flex e-con-boxed e-con e-parent\" data-id=\"fd29de7\" data-element_type=\"container\" data-settings=\"{&quot;content_width&quot;:&quot;boxed&quot;}\" data-core-v316-plus=\"true\">\n\t\t\t\t\t<div class=\"e-con-inner\">\n\t\t\t\t\t<\/div>\n\t\t\t\t<\/div>\n\t\t\t\t<\/div>\n\t\t","protected":false},"excerpt":{"rendered":"<p>Elevage: Des Lisi\u00e8res d&#8217;Arraga:\u00a0 \u00a0 \u00a0Golden Retriever&amp;Yorkshire Terrier (LOF)\u00a0 \u00a0 \u00a0 \u00a0 \u00a0 \u00a0 \u00a0 \u00a0 \u00a0 \u00a0 \u00a0 \u00a0 \u00a0 \u00a0 \u00a0 \u00a0 Des Cyb\u00e8les de la Ch\u00eanaie:\u00a0 \u00a0 Elevage de Biewer &amp; Biro (BCF) &#8220;L&#8217;amour des animaux et en particulier des chiens, mais surtout la curiosit\u00e9, l&#8217;int\u00e9r\u00eat et la passion pour tout ce [&hellip;]<\/p>\n","protected":false},"author":1,"featured_media":0,"parent":0,"menu_order":0,"comment_status":"closed","ping_status":"closed","template":"","meta":{"_monsterinsights_skip_tracking":false,"_monsterinsights_sitenote_active":false,"_monsterinsights_sitenote_note":"","_monsterinsights_sitenote_category":0,"ocean_post_layout":"","ocean_both_sidebars_style":"","ocean_both_sidebars_content_width":0,"ocean_both_sidebars_sidebars_width":0,"ocean_sidebar":"","ocean_second_sidebar":"","ocean_disable_margins":"enable","ocean_add_body_class":"","ocean_shortcode_before_top_bar":"","ocean_shortcode_after_top_bar":"","ocean_shortcode_before_header":"","ocean_shortcode_after_header":"","ocean_has_shortcode":"","ocean_shortcode_after_title":"","ocean_shortcode_before_footer_widgets":"","ocean_shortcode_after_footer_widgets":"","ocean_shortcode_before_footer_bottom":"","ocean_shortcode_after_footer_bottom":"","ocean_display_top_bar":"default","ocean_display_header":"default","ocean_header_style":"","ocean_center_header_left_menu":"","ocean_custom_header_template":"","ocean_custom_logo":0,"ocean_custom_retina_logo":0,"ocean_custom_logo_max_width":0,"ocean_custom_logo_tablet_max_width":0,"ocean_custom_logo_mobile_max_width":0,"ocean_custom_logo_max_height":0,"ocean_custom_logo_tablet_max_height":0,"ocean_custom_logo_mobile_max_height":0,"ocean_header_custom_menu":"","ocean_menu_typo_font_family":"","ocean_menu_typo_font_subset":"","ocean_menu_typo_font_size":0,"ocean_menu_typo_font_size_tablet":0,"ocean_menu_typo_font_size_mobile":0,"ocean_menu_typo_font_size_unit":"px","ocean_menu_typo_font_weight":"","ocean_menu_typo_font_weight_tablet":"","ocean_menu_typo_font_weight_mobile":"","ocean_menu_typo_transform":"","ocean_menu_typo_transform_tablet":"","ocean_menu_typo_transform_mobile":"","ocean_menu_typo_line_height":0,"ocean_menu_typo_line_height_tablet":0,"ocean_menu_typo_line_height_mobile":0,"ocean_menu_typo_line_height_unit":"","ocean_menu_typo_spacing":0,"ocean_menu_typo_spacing_tablet":0,"ocean_menu_typo_spacing_mobile":0,"ocean_menu_typo_spacing_unit":"","ocean_menu_link_color":"","ocean_menu_link_color_hover":"","ocean_menu_link_color_active":"","ocean_menu_link_background":"","ocean_menu_link_hover_background":"","ocean_menu_link_active_background":"","ocean_menu_social_links_bg":"","ocean_menu_social_hover_links_bg":"","ocean_menu_social_links_color":"","ocean_menu_social_hover_links_color":"","ocean_disable_title":"default","ocean_disable_heading":"default","ocean_post_title":"","ocean_post_subheading":"","ocean_post_title_style":"","ocean_post_title_background_color":"","ocean_post_title_background":0,"ocean_post_title_bg_image_position":"","ocean_post_title_bg_image_attachment":"","ocean_post_title_bg_image_repeat":"","ocean_post_title_bg_image_size":"","ocean_post_title_height":0,"ocean_post_title_bg_overlay":0.5,"ocean_post_title_bg_overlay_color":"","ocean_disable_breadcrumbs":"default","ocean_breadcrumbs_color":"","ocean_breadcrumbs_separator_color":"","ocean_breadcrumbs_links_color":"","ocean_breadcrumbs_links_hover_color":"","ocean_display_footer_widgets":"default","ocean_display_footer_bottom":"default","ocean_custom_footer_template":"","footnotes":""},"aioseo_notices":[],"_links":{"self":[{"href":"https:\/\/goldenbiewer.fr\/index.php?rest_route=\/wp\/v2\/pages\/8"}],"collection":[{"href":"https:\/\/goldenbiewer.fr\/index.php?rest_route=\/wp\/v2\/pages"}],"about":[{"href":"https:\/\/goldenbiewer.fr\/index.php?rest_route=\/wp\/v2\/types\/page"}],"author":[{"embeddable":true,"href":"https:\/\/goldenbiewer.fr\/index.php?rest_route=\/wp\/v2\/users\/1"}],"replies":[{"embeddable":true,"href":"https:\/\/goldenbiewer.fr\/index.php?rest_route=%2Fwp%2Fv2%2Fcomments&post=8"}],"version-history":[{"count":73,"href":"https:\/\/goldenbiewer.fr\/index.php?rest_route=\/wp\/v2\/pages\/8\/revisions"}],"predecessor-version":[{"id":1235,"href":"https:\/\/goldenbiewer.fr\/index.php?rest_route=\/wp\/v2\/pages\/8\/revisions\/1235"}],"wp:attachment":[{"href":"https:\/\/goldenbiewer.fr\/index.php?rest_route=%2Fwp%2Fv2%2Fmedia&parent=8"}],"curies":[{"name":"wp","href":"https:\/\/api.w.org\/{rel}","templated":true}]}}